ctor of n and v.
3
Let u be (-10)/6 + 1 + 2/3. Suppose 5*b - 8 - 52 = -3*j, 12 = b - 2*j. Suppose 5*l - 4*l - b = u. What is the highest common factor of l and 6?
6
Let l be 1/3 + 1958/66. Let p(u) = 11*u**2 - 3*u. Let v be p(3). What is the greatest common factor of l and v?
30
Suppose 3*v - 9 = 0, -2*l = 5*v - 0*v - 39. Suppose 8 + l = -2*b. Let w = b - -24. Calculate the greatest common divisor of 28 and w.
14
Suppose 137 = 2*i + 41. Calculate the greatest common divisor of i and 4.
4
Let m(x) be the second derivative of x**4/12 + 4*x**3/3 - 5*x**2 - x. Let w be m(-10). What is the highest common factor of w and 80?
10
Let t = 385 - 375. Calculate the greatest common divisor of 16 and t.
2
Let b = -1857 - -1961. Let a(m) = 3*m**2 - 1. Let r be a(-3). Calculate the greatest common divisor of b and r.
26
Let j = 1992 - 1638. What is the highest common divisor of j and 4?
2
Let y be 2 + 16/(-10) - 6/15. Let s(j) = 6*j + 31. Let w be s(y). Calculate the greatest common factor of 217 and w.
31
Suppose 2*z + 242 = 5*x, 4*x - 10*z = -5*z + 197. What is the greatest common divisor of x and 176?
16
Let j(d) = 2*d**2 - 6*d + 4. Let a be j(6). Suppose 0 = -2*f + 5*c - 15, 4*c + 0*c - a = -4*f. Calculate the highest common divisor of f and 2.
1
Let m = 180 + 62. Suppose 0 = -75*p - 486 + 2136. What is the highest common divisor of p and m?
22
Suppose 0*y + 4*y = 5*h - 87, -3*h - 5*y = -30. Let m be (-4 - (-96)/20)*10. Let p be -5*3*m/(-12). What is the greatest common divisor of h and p?
5
Let w be 6/15 + 16/10. Suppose w*p - 55 = 65. What is the highest common divisor of p and 150?
30
Suppose -3*p = 4*t - 76, -5*t + 9 + 20 = p. What is the greatest common factor of p and 108?
12
Let f(y) = y**3 - 23*y**2 - 567*y + 26. Let o be f(38). What is the highest common factor of 112 and o?
28
Suppose -3*l + 5*z + 57 = -118, -64 = -l - 4*z. Suppose -24 = -9*s + 7*s. Calculate the greatest common factor of l and s.
12
Suppose -2*q - 14 = -3*l + 8*l, 3*l + 3 = -3*q. Suppose -2*p + 300 = q*p. What is the greatest common factor of 80 and p?
20
Let i = 52 - 81. Let g = i + 36. Calculate the greatest common factor of 56 and g.
7
Suppose -460 = -5*q - 0*q. Suppose -455 = 3*t - 5*t - 5*h, h = 3*t - 691. What is the greatest common divisor of t and q?
46
Let b = -470 - -512. Calculate the highest common divisor of b and 49.
7
Let o = -3 - -5. Suppose r - 3*l = 17, -o*l - l - 5 = 5*r. Suppose -r*t + 6 = 0, 5*t = 4*g - 21 - 0. Calculate the greatest common divisor of g and 36.
9
Let p be 84/10*130/91. What is the highest common divisor of 18 and p?
6
Let u be (-12)/(-16) - (-77)/4. Suppose -2*o + 632 + 388 = 0. Let s be (-2)/(-3)*o/u. What is the greatest common factor of s and 17?
17
Let m be 308/(-3)*(-9)/6. Suppose -126 = -15*c + 6*c. Calculate the highest common factor of c and m.
14
Suppose 0 = 57*t - 50*t - 168. Suppose -s + 3*h = -7, 0*s - s + 8 = -4*h. Let x be 3/(30/s)*20. Calculate the highest common divisor of t and x.
8
Let t = 121 + -21. Suppose -14*r = -194 - 366. Calculate the highest common factor of r and t.
20
Let o = -37 + 55. Suppose -3*s + 3*k + o = 0, 22 = 5*s - 3*k - 0*k. What is the greatest common divisor of s and 3?
1
Let r = 2613 + -2595. Let q be (-3)/(30/(-4))*-80. Let m = -23 - q. What is the highest common factor of m and r?
9
Let i = 40 + -29. Let w = 12 - i. Let u be (-5 + w - -22) + 4. Calculate the highest common divisor of u and 55.
11
Let z(d) = -d**3 + 11*d**2 + 8*d + 6. Let b be z(9). Let c(x) = -3*x**2 + 72*x + 90. Let u be c(25). Calculate the highest common divisor of b and u.
15
Let i be 728/26 + (-2 - (-14 - -4)). What is the greatest common factor of 2502 and i?
18
Suppose -y - 3*q = -22, -5*y + 2*q - 144 = -169. Calculate the greatest common factor of 658 and y.
7
Suppose 0 = p - x - 3, -2*p - 4*x + 3*x + 21 = 0. Let t = 7 - p. Let m be 12/(3 - t) + 5. What is the greatest common divisor of m and 32?
8
Let g be -79*9/(-15)*5. Suppose -g = -3*u - 10*r + 5*r, 3*u - 207 = 5*r. What is the highest common divisor of 37 and u?
37
Let a be 2*4*21/24. Let p(y) = 2*y**2 - 6*y - 8. Let g be p(a). What is the highest common factor of g and 6?
6
Suppose 43*n + 381 = 6186. What is the greatest common factor of 120 and n?
15
Let t = 31 + -18. Let d(w) = -2*w**3 + 14*w**2 + w - 65. Let p be d(6). What is the highest common divisor of t and p?
13
Let d(m) = 5*m + 8. Let r = -112 - -112. Let n be d(r). Calculate the greatest common factor of n and 3.
1
Let q = -59 - -48. Let w(y) = y + 13. Let m be w(q). Let r = -14 + 36. What is the greatest common divisor of m and r?
2
Let d be (-12 - (2 - 3))*-2. Suppose -3*a + d = -164. Calculate the greatest common divisor of a and 155.
31
Suppose 2*g + 242 = 4*c + 82, 2*c = 4*g + 92. Suppose -6*f + 116 - c = 0. Suppose 2*x = -x + 39. Calculate the greatest common factor of x and f.
13
Let c = 70 + -67. Suppose -p - 5*y = -8*y - 108, 414 = 4*p - c*y. Calculate the greatest common divisor of p and 17.
17
Let q = 33 - 18. Let f(y) = -7*y + 43. Let o be f(6). Let k = o + q. What is the greatest common divisor of k and 144?
16
Let d be 8 - (-2 + -4)*29. Calculate the highest common divisor of d and 49.
7
Let h be 2 + -1 - (-2 - 0). Let r = -14 - -20. What is the greatest common factor of h and r?
3
Let n = 418 + -412. What is the highest common factor of n and 348?
6
Let k be (-3)/(-6)*0 - -18. Suppose -133 = 6*u - 997. Calculate the greatest common factor of k and u.
18
Let p(f) = -12*f**3 - 20*f**2 - 5*f - 3. Let x be p(-2). Calculate the greatest common factor of x and 299.
23
Let t = -18 - -72. Let x be t*((-3)/(-2))/(6/12). What is the greatest common divisor of x and 18?
18
Let g be (1365/(-4))/5*-4. Calculate the highest common factor of g and 63.
21
Let h = -777 - -818. Calculate the highest common factor of h and 656.
41
Let l(r) = -6 - 2*r + 2 + 5*r. Let d be l(5). Calculate the highest common factor of 11 and d.
11
Let y be (-176)/(-154) - 363/(-7). What is the highest common divisor of y and 1961?
53
Let c = 75 + -60. Let g be 59/4 - 2/(-8). What is the highest common factor of g and c?
15
Let m = 38 + 5. Let u = m - -35. Suppose -2*a + 3*a - 2*o - 52 = 0, 0 = 3*o. Calculate the greatest common factor of a and u.
26
Let b = -126 - -243. What is the highest common divisor of b and 9?
9
Let d = -39 + 41. Suppose 2*q + 44 + 20 = d*r, 5*q + 70 = 2*r. Suppose 4*p - r = -p. What is the greatest common factor of 2 and p?
2
Let y be 308/(-99)*(-18)/4. What is the greatest common factor of 98 and y?
14
Let s be (-15)/10 - (-4 - 971/2). What is the greatest common divisor of s and 61?
61
Suppose 47*w - 255 = 74. What is the greatest common divisor of 301 and w?
7
Let f be (-2)/3*(-72)/16. Suppose 5*p - 3*p = 8. Suppose p*u = 45 + 15. Calculate the greatest common divisor of f and u.
3
Suppose 0 = -4*f + 85 + 111. Suppose -3*c + 5*z = c - 111, 0 = c + 3*z - f. What is the greatest common factor of c and 51?
17
Let s(d) = 3*d**2 + 11*d. Let z be s(-5). Calculate the greatest common factor of z and 15.
5
Suppose -3*h = 2*h. Let w = 0 + h. Let f(x) = x + 10. Let p be f(w). Calculate the highest common divisor of p and 50.
10
Suppose 2187 = -23*c + 32*c. Calculate the highest common divisor of c and 27.
27
Let m(b) = 19*b - 4. Let f be m(7). Calculate the highest common divisor of f and 172.
43
Let m(r) = -3*r + 26. Let i be m(8). Calculate the greatest common factor of i and 2.
2
Let g = -10 + -2. Let r = 17 + g. What is the greatest common factor of r and 10?
5
Let a = 137 + -272. Let n(z) = -z**2 + 3*z + 4. Let x be n(4). Let u = x - a. What is the greatest common divisor of 15 and u?
15
Let h = -1 + 33. Suppose 0 = -u + 148 + h. Calculate the highest common factor of 18 and u.
18
Let w(c) = c**2 + 104. Let u be w(0). Suppose -6*h - 20 = -u. Calculate the highest common divisor of h and 2.
2
Let r(q) = 4*q**3 - q**2 - 7. Let o be r(2). Calculate the greatest common factor of 24 and o.
3
Let d(f) = -22*f + 190. Let a be d(4). Calculate the highest common divisor of 816 and a.
102
Let d(f) be the third derivative of f**4/24 + 17*f**3/6 + 28*f**2. Let l be d(9). What is the greatest common factor of 13 and l?
13
Let c = -12 - -59. Let m be (14008/22)/4 - 4/22. Let l = m - c. What is the greatest common divi